ommon factor of 16 and j.
8
Suppose -78 = -5*j - 4*w, 0 = 3*j - 104*w + 106*w - 46. Suppose -5*s - 3*q = 2, -2 = -3*s + q - 2*q. Calculate the greatest common factor of s and j.
2
Suppose -20*g + 324 + 385 = -1691. Calculate the highest common divisor of 9450 and g.
30
Suppose 847 = 100*x + 47. Suppose -22 = -3*f + 2*f + 2*m, 2*f - 5*m - 49 = 0. Calculate the greatest common divisor of x and f.
4
Let v be 5/(-1)*3468/(-1445). Calculate the highest common divisor of v and 40.
4
Let i(m) = m**3 + 10*m**2 - 74*m + 20. Suppose 14*q = 16*q - 4*n - 18, q - 9 = -n. Let u be i(q). Calculate the highest common factor of u and 47.
47
Let u(j) = 185*j**3 - 2*j**2 + 4*j - 2. Let n be u(1). What is the highest common divisor of n and 111?
37
Let x = 26113 - 11038. Calculate the greatest common divisor of x and 225.
225
Let b = 17 + -14. Let r be (0 + 9)*(b - 2). Suppose 25*u + 702 = 64*u. What is the highest common factor of r and u?
9
Let a be (-6)/(1*-3) + 232. Suppose -5*g - 5*w = -155, 107*w - 109*w + 114 = 4*g. Calculate the highest common divisor of g and a.
26
Suppose -37*p + 92*p - 14856 = 10719. Calculate the highest common factor of 720 and p.
15
Let p be (-1370)/(-4)*(-2 - (-6)/5). Let n = 282 + p. Calculate the greatest common divisor of 248 and n.
8
Let z(a) be the third derivative of -a**6/60 - 23*a**5/60 - a**4/2 - a**3 - 36*a**2. Let m be z(-11). Calculate the highest common factor of 145 and m.
5
Let x(z) = -4*z - 148. Let f be x(-41). Suppose -40 = -2*k + 42*v - 38*v, -5*v + f = 3*k. What is the highest common divisor of 120 and k?
12
Let g = -42 - -42. Suppose g = 2*h - 3*n + 6*n - 36, -5*h = n - 64. Suppose -62 = 4*y - 494. Calculate the greatest common factor of y and h.
12
Let a(u) = -5*u - 16. Let d be a(-4). Suppose 2*j - d*j = 96. Let v be (-378)/(-24)*j/(-9). Calculate the greatest common divisor of v and 12.
12
Suppose 42*g = 78*g - 27900. Calculate the highest common factor of 75 and g.
25
Suppose 8*q = 19*q - 1694. Let i = 186 - q. Calculate the greatest common factor of i and 48.
16
Suppose -155 = -5*c - 5*i, -4*c + 17*i = 13*i - 84. Let b be 1 + -1 - (14 - 15). Calculate the greatest common factor of c and b.
1
Suppose 89*g - 1360 = 93*g. Let x = g - -396. Calculate the highest common factor of 168 and x.
56
Let g(d) be the first derivative of 15*d**4/4 - d**3 + d**2 + 35. Let y be g(2). What is the greatest common divisor of 16 and y?
16
Suppose 51*k - 5*t + 3745 = 56*k, 2*t - 2246 = -3*k. Calculate the greatest common divisor of k and 88.
44
Suppose 37*c + 408 = 40*c. What is the greatest common divisor of 884 and c?
68
Let t be -15*12/(-36) + -1 + 1. Suppose -t*l - 12 + 7 = 0, i - 116 = -4*l. Calculate the greatest common divisor of i and 15.
15
Suppose -97 = -5*u + 2*p + 143, 5*p - 25 = 0. Calculate the highest common divisor of u and 8925.
25
Let x = 10484 - 10388. Calculate the highest common divisor of 162 and x.
6
Let a(x) = -2*x - 4. Let f be a(-4). Suppose f*u = 6*u - 612. Let k = 836 - 802. What is the greatest common factor of u and k?
34
Let r be (5 - 27)*((-645)/10 - 0). Calculate the highest common factor of r and 44.
11
Let m = -578 - -581. Suppose m*z - 307 = -5*h - 0*h, -213 = -2*z + 5*h. What is the greatest common factor of z and 39?
13
Suppose 4*p = 13*p. Suppose p = 11*j - 6*j + 50. Let k be (-2 - (-14)/5)*(-25)/j. What is the greatest common factor of 2 and k?
2
Let m be ((2/1 - 1) + 0)*-3. Let c be (-8570)/(-9) - (m + 87/27). Let s = c - 574. Calculate the greatest common factor of 42 and s.
42
Let l be (896/(-70))/((-1)/5). Let t(z) = z**2 + 2*z + 5. Let i be t(3). Let b = -12 + i. Calculate the greatest common factor of l and b.
8
Let i = 12101 - 11819. Calculate the highest common factor of 30 and i.
6
Let w(p) = -450*p + 86. Let b be w(-6). Let z be (1/2)/(b/308 - 9). Suppose t - 76 - 45 = 0. Calculate the greatest common divisor of t and z.
11
Suppose 0 = -15*t + 20*t + 410. Let z = 73 + t. Let f be (-2)/(12/z)*(-390)/(-9). What is the highest common divisor of 39 and f?
13
Let y = 27 - 15. Let t(a) = -2*a - 10. Let n(c) = -c**3 - 6*c**2 + 3*c + 7. Let p be n(-6). Let v be t(p). What is the highest common divisor of v and y?
12
Suppose 0 = 4*t + t + 5. Let h be 6/(-3) + t + 201. Suppose 1256*p - 1358*p = -2244. What is the greatest common factor of h and p?
22
Suppose l + x + 19 = -3*x, -4*x = 4*l + 28. Let i be l/2*(-44)/11 - -1. Let h = 33 - -2. Calculate the greatest common factor of i and h.
7
Suppose -30*f + 24*f = -p + 442, -5*p + 2175 = 5*f. What is the greatest common factor of 6322 and p?
218
Suppose 368*q - 684 = 165*q + 185*q. What is the greatest common factor of q and 1501?
19
Let g = 45 + -19. Let c = g - 31. Let z be (-32)/c + (-2)/5. What is the greatest common divisor of z and 48?
6
Let w be 3/(1 + 0/6). Suppose -2*z = 3*n - 150 - 43, 3*n = -w. Calculate the greatest common factor of z and 70.
14
Let k be (2772/(-363))/(48/(-22) + 2). What is the highest common factor of k and 5670?
42
Let c(h) be the second derivative of 7*h**4/12 + 5*h**3/3 - 15*h**2/2 + 9*h. Let k be c(2). Let j = -11 + k. What is the greatest common divisor of 66 and j?
22
Suppose 0 = -27*n - 12*n + 122*n - 292409. What is the highest common factor of n and 2710?
271
Let f = -16 - -21. Suppose 3*w - 3*l = -0*l - 6, 2*w = -f*l + 24. What is the highest common factor of w and 8?
2
Let s be 473898/25 - 314/(-3925). What is the highest common factor of 56 and s?
28
Let q = -19633 - -19770. Calculate the greatest common divisor of q and 60828.
137
Let f(q) = 3*q**2 - 34*q - 22. Let j be f(12). Suppose j*l - 159 = w, -108 = -2*l - 2*w + 66. What is the greatest common factor of l and 82?
82
Suppose 2*n + 1971 - 5360 + 2629 = 0. Let m(v) = -v**3 + v**2 + v + 19. Let g be m(0). What is the highest common divisor of g and n?
19
Let p be ((-27)/18 - -5)*(-4)/(-7). Suppose 0 = -2*v - 6, -3*v - 13 = -p*k - 8*v. Let h = 327 - 173. What is the highest common divisor of h and k?
14
Let k(n) = 15*n + 10. Let g be k(4). Let i be (50/(-4))/(8/(-16))*7. Calculate the highest common factor of g and i.
35
Suppose 14*x - 13*x = -42 + 1108. Calculate the highest common divisor of 410 and x.
82
Suppose 59 = 2*t - 39. Let b = 146 - 133. Let l be b/(-39) - 22/(-3). Calculate the highest common divisor of l and t.
7
Suppose 5*c = 2*g - 6 + 26, c + 5*g + 23 = 0. Suppose -3*j = -15, c*r - 23 = -2*j - 9. Calculate the highest common factor of r and 18.
2
Let k be -268*-2*-3*4/(-48). Suppose -25*z + 116 = -k. Let x be (91 + 3/(-3))*1. Calculate the greatest common factor of z and x.
10
Suppose -i + 2 = -33. Let z = -59 - -59. Suppose -l = 5*t - 1 - 6, 5*t = z. What is the highest common divisor of l and i?
7
Let i be (7/(35/60))/(2382/297 - 8). What is the highest common divisor of i and 528?
66
Let y(k) = -k**3 - 50*k**2 + 146*k - 172. Let q be y(-54). What is the greatest common divisor of 246 and q?
82
Let c be (-1)/1 - (-1 + -14). Suppose -c*o + 220 = -4*o. Let h be (-62)/(-6) - (-6)/9. What is the greatest common divisor of h and o?
11
Suppose 3*c - 23 = 142. Let f(y) = 8*y**2 - 787*y - 10043. Let l be f(-13). Calculate the highest common factor of c and l.
55
Let f be 55/3 - (55/(-15) + 4). Suppose f*i + 24 = 21*i. Let p = 17 - 9. What is the greatest common divisor of i and p?
8
Let p be 6/33 + (-40)/(-22) + 5. Suppose 6015 = p*x - 3435. Calculate the greatest common divisor of x and 25.
25
Suppose -77*c + 307362 = -235257. Calculate the highest common factor of 29 and c.
29
Let c(t) = 3*t**2 + 48*t - 273. Let j be c(-21). What is the greatest common divisor of j and 33?
3
Let s be 42 - (1 - -3 - 7). Let v(b) = 6*b - 81. Let j be v(16). Calculate the greatest common factor of j and s.
15
Let d(n) = -43 - 22 - 4 + 9*n - 8*n + n**3 + 25*n + 16*n**2. Let p be d(-13). What is the greatest common factor of 180 and p?
20
Let c(p) = p**3 - 4*p**2 + 4*p - 14. Let u be c(4). Let m be u + (-5 - (-14 - 7)). Calculate the greatest common factor of m and 10.
2
Let z = -2995 - -3754. Calculate the greatest common factor of 4048 and z.
253
Let s(z) = z**3 - 5*z**2 + 1. Let r(c) = -c**3 - 6*c**2 - c. Let k be r(-6). Let j be s(k). Let q = j + -7. Calculate the greatest common factor of q and 40.
10
Let f be (-4 - 45/(-10))*372. Suppose -18 = 4*